3 + 10. Let t(g) be the third derivative of g**5/60 - g**4/4 - g**3/6 - g**2. What are the prime factors of t(d)?
2, 3
Let l(r) = -17*r**3 - 4*r**2 + r + 6. What are the prime factors of l(-2)?
2, 31
Let q = -144 - -245. What are the prime factors of q?
101
Let t = 14 + -13. Suppose 4*r + 20 = 0, -5*m - 4*r = -64 - t. What are the prime factors of m?
17
Let q be 42*4*3/24. Suppose 2 = -j + q. List the prime factors of j.
19
Let i(k) = -3*k + 9. Let h(n) = -2*n + 6. Let q(y) = 8*h(y) - 5*i(y). List the prime factors of q(-7).
2, 5
Let v = -25 - -58. List the prime factors of v.
3, 11
Suppose 0 = -h + 2*h - 9. Suppose h = -4*q + 1. Let t = q - -5. What are the prime factors of t?
3
Suppose i - 6 = -2. List the prime factors of 53/4 + i/(-16).
13
List the prime factors of 2/(-4)*(7 + -209).
101
Suppose -2*v - 13 + 29 = 0. Let c = v + 6. What are the prime factors of c?
2, 7
Suppose 3*t + 24 = 6. Let d be -2*(-2)/(-8)*t. Suppose 3*m = 2*u - 28, 57 = 5*u + d*m - 4*m. What are the prime factors of u?
11
Let t = 4 - 3. Let u = 0 - t. Let s(y) = -3*y**3 - y. List the prime factors of s(u).
2
Suppose j + 26 = -2*t + 143, -3*t + 176 = 2*j. Let f = t + -18. List the prime factors of f/(-12)*3*-2.
2, 5
Suppose -s + 7 - 2 = 0, -482 = -3*o + 2*s. What are the prime factors of o?
2, 41
Let r(x) = x**2 - 9*x + 7. Let f be r(8). List the prime factors of ((-3)/6)/f*48.
2, 3
Let y(c) = 38*c - 7. List the prime factors of y(3).
107
Let a(v) = -v**2 + 4*v + 14. Let g be a(10). List the prime factors of (-2)/3 + g/(-6).
7
Suppose 24 = 4*a - 560. Suppose 2*l = -3*l + 4*k + 172, k = -4*l + a. List the prime factors of l.
2, 3
Suppose 21*v = 1440 + 723. What are the prime factors of v?
103
Suppose 185 = 2*o + 3*o - 2*n, 2*o - 98 = -4*n. What are the prime factors of o?
3, 13
Let o = -58 + 161. What are the prime factors of o?
103
Let j = 8 - 16. Let y = -2 - j. What are the prime factors of y?
2, 3
Let u be (-30 - 1/1) + 1. List the prime factors of (u/18)/((-2)/54).
3, 5
Suppose 2*j - 4*u + 20 = 96, 2*u = 4*j - 140. What are the prime factors of j?
2, 17
Let m(w) be the third derivative of -w**7/2520 - w**6/360 + w**5/60 - 3*w**2. Let d(o) be the third derivative of m(o). What are the prime factors of d(-3)?
2
Suppose 125 = 5*m + 20. What are the prime factors of 1/3 + 329/m?
2
Let h(m) = 2*m**2 - 4*m - 16. List the prime factors of h(12).
2, 7
Suppose -3*r + 4*p = -40, r - 5*p - 25 - 3 = 0. Let h = r - 6. Let o = h - 0. List the prime factors of o.
2
Suppose 14 = 2*s - 5*w, 5 = -3*s + w - 0. Let x = s - -3. Let i = 4 - x. What are the prime factors of i?
2
Suppose 4*m - 7 = 49. Let p(y) = 17*y - 4. Let j be p(-4). List the prime factors of (-4)/m - j/7.
2, 5
Let c(u) = -u - 5. Let d be c(6). Suppose 0 = -3*o - 2*r - 58, 5*r = 3*o + 2*r + 33. Let v = d - o. What are the prime factors of v?
5
Let j(q) = q + 2. Let v(o) = -2*o - 4. Let f(z) = 7*z - 1. Let m be f(1). Let h(r) = m*v(r) + 10*j(r). What are the prime factors of h(-5)?
2, 3
Suppose -n - 1 + 3 = 0, -5*a + 5*n = 15. Let b = -3 + a. Let c = b + 6. List the prime factors of c.
2
Let q = 148 + -121. List the prime factors of q.
3
Let c be -10 + -1 + 1 + 2. Let o be (-1)/(c/6 + 1). Let d = o + -1. What are the prime factors of d?
2
Suppose -356 = -8*d + 4*d. Let j = -41 + d. What are the prime factors of j?
2, 3
Suppose -3*k = f - 102, -5*f + 2*k = 5*k - 486. Suppose -5*d = i - 2*i + 121, i - f = 4*d. Let r = d - -35. List the prime factors of r.
2, 5
Let x(n) = -n**3 - 7*n**2 + 9*n + 7. Let m be x(-8). Let c = m + -6. Let h = 19 + c. What are the prime factors of h?
2, 3
Let x be -3 - ((5 - 1) + -87). Suppose 7 = 3*a - x. List the prime factors of a.
29
What are the prime factors of (-5 - -3)*48/(-3)?
2
Suppose o = 4*r - 17, -5*r + 9 = -o - 11. What are the prime factors of o + 6 + 16 + 2?
19
Let j = 60 + -38. List the prime factors of j.
2, 11
Suppose 30 = 2*f + f. Suppose b - f = -b. List the prime factors of (-4 - 2/(-1)) + b.
3
Suppose -2*m = -2 - 2. Suppose 3*o + m*v = 17, 0*o + 5*o + 4*v = 29. What are the prime factors of o?
5
Let h(f) = -f**3 - 8*f**2 - 8*f - 1. Let n = -17 - -10. Let v be h(n). Let m = v + -3. List the prime factors of m.
3
Let j be 3/(-6) - 6/(-4). Let c be -2*(-2 + j + -1). Suppose 3*g + 12 = c*g. List the prime factors of g.
2, 3
Let d(g) = 55*g + 2. List the prime factors of d(1).
3, 19
Let b = -18 + 5. What are the prime factors of (156/b)/(6/(-8))?
2
Let z(i) = 5*i. What are the prime factors of z(5)?
5
Suppose 0 = -m + 4 - 6. List the prime factors of (-164)/(-6) + m/6.
3
Suppose -2*q + 3*v + 0 = 3, -4*q = -5*v + 5. Let l(g) = -3*g + 1 + 14 + 4*g. What are the prime factors of l(q)?
3, 5
Suppose -32 = 4*k + 5*h, -3*k - 3*h - 38 = -14. Let w(v) = -v. Let a(q) = -q**2 - 13*q + 2. Let u(m) = a(m) - 5*w(m). What are the prime factors of u(k)?
2
Let l(f) = 110*f**2 - 2. List the prime factors of l(1).
2, 3
Suppose -35 = -4*l + s, -5*l - 4*s + 5*s + 45 = 0. List the prime factors of l.
2, 5
Suppose -u + 5*u - 148 = 0. Suppose -5*c + u = -33. List the prime factors of 1/4*2*c.
7
Let z(q) = q + 7. Let r be z(-10). Let n = 1 - r. What are the prime factors of n?
2
Let k = 22 - 10. What are the prime factors of k?
2, 3
Let s be 33/(-7) - (-2)/(-7). Let k = -12 + 4. Let f = s - k. List the prime factors of f.
3
Let w = 6 + 0. Let a(v) = -4*v + w*v + 3*v - 8. What are the prime factors of a(6)?
2, 11
Suppose -13*q + 15 = -12*q. What are the prime factors of q?
3, 5
Suppose -4*n + 2*i - 15 = -61, -2*n = -5*i - 27. Let l = n - -41. What are the prime factors of l?
2, 13
Suppose 184 = 4*f - 128. List the prime factors of f.
2, 3, 13
Let c(m) = 5*m**2 - 6 - 4*m**2 + 4*m + 0*m**2. Let w = 10 + -17. List the prime factors of c(w).
3, 5
Let f(m) = -9*m - 10. Let y be f(-4). Suppose 3*v - 5*v = -y. What are the prime factors of v?
13
Let g be (16/(-8))/(1/(-2)). Suppose 40 = p + g*p. List the prime factors of p.
2
Let g = -3 - 33. Let w = -23 - g. What are the prime factors of w?
13
Let t(m) = -5*m**2 + m - 16. Let h(j) = 14*j**2 - 3*j + 48. Let f(z) = 6*h(z) + 17*t(z). What are the prime factors of f(0)?
2
Suppose -6 = -u + 4. Suppose -u = z - 2. Let n = z + 14. What are the prime factors of n?
2, 3
Let n = 29 - 19. Let g = 26 - n. List the prime factors of g.
2
Suppose -5*j + 5 = -x, -4*x - 50 = -3*j - 2*j. Let u = x - -28. What are the prime factors of u?
13
Suppose -2*w = -2*u, -u - 2*w = -5*w + 4. What are the prime factors of u?
2
Let w(y) = y**3 + 8*y**2 - y - 9. List the prime factors of w(-7).
47
Let z(m) = 4*m**2 + 6*m + 3. List the prime factors of z(-6).
3, 37
Let m be (-3)/(-6) - (-9)/(-2). What are the prime factors of (-43)/((m/2)/2)?
43
Suppose -a - 4*a + 295 = -3*m, 0 = 4*a + 3*m - 209. What are the prime factors of a?
2, 7
Suppose -3*g - 4 = -10. Suppose d - 4*h = 8, 1 - 3 = -g*d + h. Suppose d*t + t = 4. What are the prime factors of t?
2
Suppose 3*c = -6 + 3, -4*k + 14 = 2*c. Suppose -g + 6*g = 3*l - 97, k*l - 3*g = 144. What are the prime factors of l?
3, 13
Let c(x) = 3*x**3 - 3*x**2 + 1. What are the prime factors of c(2)?
13
List the prime factors of 7/14 + (-19)/(-2).
2, 5
Suppose f = 5*f - 100. Suppose -5*b + f = -0*b. What are the prime factors of 26/b + (-3)/15?
5
Suppose -y + 3 = -0. Let a = y + 23. What are the prime factors of a?
2, 13
Suppose -2*o + 2*x = -5*o + 42, 5*x + 31 = o. What are the prime factors of o?
2
Suppose -f - 5*n = -0*n - 60, -5*n = 5*f - 260. Suppose -f = -4*y - y. What are the prime factors of y?
2, 5
Suppose -12*t - 129 = -897. What are the prime factors of t?
2
Let j(i) = -i**2 - 29*i - 29. List the prime factors of j(-21).
139
Let g = 21 + -16. What are the prime factors of ((-2)/4)/(g/(-290))?
29
Let f = 12 + 45. Let r = -21 + f. List the prime factors of r.
2, 3
Let b(z) = -z + 3. Let f be b(0). Suppose 0 = 2*u + f*u - 25. Suppose 4*s + u = 5*s. List the prime factors of s.
5
Let x(u) = -11*u**3 + 2*u**2 + u. Let z be x(-1). What are the prime factors of 3/(9/z) + 24?
2, 7
Suppose -18 = 3*g - 0*g. List the prime factors of 370/(-15)*g/4.
37
Suppose -4*s - 10 = 10. Let b = 12 - s. List the prime factors of b.
17
Let r(o) = o**3 + 6*o**2 + 4. Let f be r(-6). Suppose 5*l + 5*a + 1 = 11, 29 = f*l - 3*a. What are the prime factors of 9/15 - (